{"id":211,"date":"2026-02-14T00:18:01","date_gmt":"2026-02-14T03:18:01","guid":{"rendered":"https:\/\/inalcotiendaonline.insertcode.cl\/?post_type=product&#038;p=211"},"modified":"2026-02-14T00:19:28","modified_gmt":"2026-02-14T03:19:28","slug":"filtro-de-cabina-carbo-activo","status":"publish","type":"product","link":"https:\/\/repuestoschevrolet.insertcode.cl\/index.php\/producto\/filtro-de-cabina-carbo-activo\/","title":{"rendered":"Filtro de Cabina Carbo Activo"},"content":{"rendered":"<p>El <strong data-start=\"168\" data-end=\"201\">Filtro de Cabina Carbo Activo<\/strong> est\u00e1 especialmente dise\u00f1ado para mejorar la calidad del aire dentro del veh\u00edculo, filtrando no solo polvo y polen, sino tambi\u00e9n olores, gases contaminantes y part\u00edculas nocivas gracias a su capa de carb\u00f3n activado. Ideal para ambientes urbanos y con alta contaminaci\u00f3n, protege a los ocupantes y el sistema de climatizaci\u00f3n para brindar un aire m\u00e1s limpio y fresco.<\/p>\n","protected":false},"excerpt":{"rendered":"<h2 data-start=\"98\" data-end=\"133\">Filtro de Cabina Carbo Activo<\/h2>\n<h3 data-start=\"135\" data-end=\"163\"><\/h3>\n","protected":false},"featured_media":212,"comment_status":"open","ping_status":"closed","template":"","meta":[],"product_brand":[],"product_cat":[19],"product_tag":[20],"class_list":{"0":"post-211","1":"product","2":"type-product","3":"status-publish","4":"has-post-thumbnail","6":"product_cat-repuestos","7":"product_tag-filtros","9":"first","10":"instock","11":"sale","12":"shipping-taxable","13":"purchasable","14":"product-type-simple"},"_links":{"self":[{"href":"https:\/\/repuestoschevrolet.insertcode.cl\/index.php\/wp-json\/wp\/v2\/product\/211","targetHints":{"allow":["GET"]}}],"collection":[{"href":"https:\/\/repuestoschevrolet.insertcode.cl\/index.php\/wp-json\/wp\/v2\/product"}],"about":[{"href":"https:\/\/repuestoschevrolet.insertcode.cl\/index.php\/wp-json\/wp\/v2\/types\/product"}],"replies":[{"embeddable":true,"href":"https:\/\/repuestoschevrolet.insertcode.cl\/index.php\/wp-json\/wp\/v2\/comments?post=211"}],"wp:featuredmedia":[{"embeddable":true,"href":"https:\/\/repuestoschevrolet.insertcode.cl\/index.php\/wp-json\/wp\/v2\/media\/212"}],"wp:attachment":[{"href":"https:\/\/repuestoschevrolet.insertcode.cl\/index.php\/wp-json\/wp\/v2\/media?parent=211"}],"wp:term":[{"taxonomy":"product_brand","embeddable":true,"href":"https:\/\/repuestoschevrolet.insertcode.cl\/index.php\/wp-json\/wp\/v2\/product_brand?post=211"},{"taxonomy":"product_cat","embeddable":true,"href":"https:\/\/repuestoschevrolet.insertcode.cl\/index.php\/wp-json\/wp\/v2\/product_cat?post=211"},{"taxonomy":"product_tag","embeddable":true,"href":"https:\/\/repuestoschevrolet.insertcode.cl\/index.php\/wp-json\/wp\/v2\/product_tag?post=211"}],"curies":[{"name":"wp","href":"https:\/\/api.w.org\/{rel}","templated":true}]}}